0 + 0 + 2.
4
Evaluate 9 + -10 + 9 - 2.
6
What is the value of 4 + 5 + (3 - (0 - -8))?
4
8 - ((9 - -7) + -1)
-7
What is the value of -33 + 27 + 1 + (4 - 1)?
-2
Calculate 7 + -1 + (-6 - -4).
4
What is the value of 6 - (9 - 3 - 5)?
5
2 + -2 + 1 + 0 + 2
3
Evaluate 112 + -125 - (-1 + -11).
-1
(4 - 11) + 3 - -6
2
What is the value of 7 + (-4 - 8) - -4?
-1
What is the value of (-11 - 1) + 1 + 0 + 6?
-5
-2 + 7 + -41 + 27
-9
Evaluate 7 + (7 - 7) - 7.
0
What is -3 - (-2 - -1 - -5) - -1?
-6
What is the value of -1 - 1 - 4 - (49 - 55)?
0
What is the value of 0 + 5 - ((1 - 7) + 8)?
3
(17 - 11) + -20 + 7
-7
What is the value of (-5 - 3 - -5) + 8?
5
What is the value of -2 + -1 + 1 - (21 + -26)?
3
Calculate 12 + 3 + -10 + (4 - 5).
4
Evaluate 8 - ((-9 - -5 - -1) + 1).
10
What is -3 - (-7 - -9 - (4 + 3))?
2
Calculate -2 + -2 + (13 - 8).
1
Calculate 2 + (-23 - -20) + (1 - -7).
7
What is -1 + (0 - -1) + 4 - 5?
-1
Evaluate (1 - 5) + (-1 + 3 - -2).
0
What is 1 + -11 + 2 + -1 + 3?
-6
What is the value of 19 + -11 + -6 + 2?
4
What is the value of -5 + 1 + -1 - (-414 + 410)?
-1
What is (0 - 3) + 6 + -4?
-1
What is 2 - (1 + (-4 + 3 - -3))?
-1
What is the value of (5 - 5) + -1 - (0 - 2)?
1
Calculate (2 - 7) + 4 - 4.
-5
-1 - (-1 + -4) - (-21 - -24)
1
What is the value of -5 + 3 + (19 - 18)?
-1
2 + -9 + 7 - -4
4
Calculate (7 - 5) + 13 + -7 - 4.
4
What is -22 - -23 - (-1 + 8)?
-6
Evaluate (-6 - -5) + 17 + -9.
7
Evaluate -5 - (-5 + 0 + -5) - 5.
0
Evaluate (1 - ((2 - -2) + 2)) + -1.
-6
Calculate -2 + (-9 - -4) + (5 - 3).
-5
Calculate (12 - 10) + 2 - 13.
-9
-3 - (0 - 1 - -2)
-4
-3 - (-3 - -1) - (-3 - -2)
0
What is 4 - 6 - -1 - (7 - 3)?
-5
What is (1 - (-3 - 1)) + 0 + -2?
3
Calculate -7 - (9 - 4 - 14).
2
Evaluate 9 - 13 - (-2 + 0).
-2
What is -3 - ((-2 - 1) + (3 - 3))?
0
Evaluate 2 - (0 + -5 - (-1 + -4)).
2
What is (1 + 4 - (2 - -7)) + -1?
-5
6 + 5 - 1 - 6
4
What is 2 + 6 + -2 + -3?
3
Calculate -1 + -5 + -2 + 6.
-2
Evaluate -9 - (-7 + (6 - 6)).
-2
Calculate -1 + -1 - (7 + -3 + -10).
4
What is the value of (-14 - -10) + 5 + -1?
0
What is 6 - (6 + (4 - (12 + -7)))?
1
-6 + 0 + 11 + -4 + -1
0
Calculate (8 - 8) + 7 + -2.
5
Calculate 12 - 15 - (-2 - (3 + 0)).
2
What is 0 + 6 + -1 + (10 - 15)?
0
What is the value of -1 + (-8 + 3 - 5) + 6?
-5
Calculate 2 + 3 + -2 + 160 + -156.
7
Calculate 7 + (1 - 4) - (0 + 1).
3
Evaluate -1 - 0 - (10 + (-8 - -2)).
-5
Calculate 6 - (-1 + (-5 - -11)).
1
What is 26 - 19 - (1 - -2)?
4
(-2 + 3 - 4) + 4 + -4
-3
Evaluate 0 - (7 + -6) - -8.
7
What is the value of -1 + (0 - -1 - 4) + -1?
-5
Evaluate ((-2 - -8) + -10 - 2) + -2.
-8
What is the value of 5 - 11 - (-3 - 2)?
-1
-1 + -18 - (104 + -116)
-7
Calculate 1 + (-3 - 3) + 5.
0
Calculate 4 + 3 - (-17 + 3 - -12).
9
What is -3 + 16 + (-4 - -1) - 4?
6
(8 - 2) + -13 + 3
-4
-13 - (1 + -11) - (1 - 6)
2
45 - 40 - (-1 + 2)
4
Calculate 1 + 0 - (0 - (2 - -2)).
5
Evaluate -4 - (-2 - 3 - -2) - -3.
2
Calculate (-1 - -5) + (-1 - 7).
-4
Calculate (-5 - -5) + 5 - 0.
5
Calculate (1 - -4) + 2 + -5.
2
Calculate (1 - 2) + -7 + 8.
0
Evaluate 4 + (3 - 5) + 0.
2
Evaluate -1 + -5 - (15 + -7 - 8).
-6
Evaluate 1 + (-8 - (3 - 11)).
1
(-9 - (-12 + 5)) + 6 + -11
-7
Calculate (6 - (-1 + 13)) + -3.
-9
What is -1 + -1 - (6 + -15 + 10)?
-3
0 + (0 - 2) - -2
0
Evaluate (-4 - 0) + 8 + -11 - -2.
-5
What is the value of -6 + (6 - (4 + 1)) + 2?
-3
-9 - -2 - 5 - -6
-6
(-115 - -113) + (2 + -1 - 2)
-3
What is the value of 0 + 6 + -7 + 0?
-1
-13 + 25 - (-1 + 20)
-7
Evaluate -8 - (-6 + -5 + 6).
-3
What is the value of (4 - -7 - 10) + -10?
-9
What is -4 + (-7 - -9) - (-4 + 1)?
1
What is (-7 - (0 - (-2 + 6))) + 4?
1
What is -3 - (-3 + 11 - 7)?
-4
Calculate -1 + -4 + 2 - (0 - 5).
2
What is the value of (6 - -5) + -6 - 4?
1
Evaluate 2 - -2 - (14 + (-5 - 4)).
-1
(0 - -11 - 8) + -9
-6
Calculate -3 + (-4 - -3 - (1 + -2)).
-3
What is -2 + -1 + 1 + (11 - 6)?
3
Evaluate -3 + (2 - 1) + 0.
-2
What is 5 - (1 + -2 + 1)?
5
-12 - 3 - -6 - -12
3
What is -3 + 0 + (-1 - -5) + -5?
-4
What is the value of (9 - 3) + -11 + 6?
1
Calculate (4 - 14 - -9) + 1 + 1.
1
Calculate 6 - (1 - (5 - 3) - -4).
3
Evaluate -8 + (-5 + 28 - (-4 - -9)).
10
Calculate 0 + (-1 + 0 - -2) - 1.
0
What is 7 + 9 + (8 - 17) + -8?
-1
What is (7 - 12) + 1 + 8?
4
Calculate 4 - 5 - (-5 - (-5 + -2)).
-3
Calculate 7 + (-4 - (10 - 4)).
-3
Calculate (-2 - 1 - -7) + -1.
3
1 - (-2 + (0 - (-4 - -3)))
2
Evaluate (-5 - (9 - 9)) + -2 + -3.
-10
Evaluate 0 - (-8 - -13) - (-3 - -2).
-4
Calculate (0 - (4 - 1)) + 9 + -2.
4
Evaluate (-2 - -4 - 4 - 2) + -1.
-5
Evaluate 1 + 6 + (-5 - (-1 + 0)).
3
Evaluate 15 + -7 + -1 - 4.
3
What is -5 - (0 + 2 + -2 + -4)?
-1
What is the value of 1 - (-2 - (-8 + 2))?
-3
What is -5 + (9 - 5) - -6?
5
Calculate 2 - (-5 - -6) - (3 - -4).
-6
2 + (6 + 3 - 8)
3
What is 6 + -1 - (12 + (-6 - -5))?
-6
Calculate -3 + 2 + (1 - 0).
0
Evaluate -2 - (2 - 2 - -4 - 1).
-5
-1 + 4 - (-6 - (9 + -14))
4
-6 + 1 + (-10 - -11)
-4
What is the value of -2 - (-5 + (-3 - (-18 - -6)))?
-6
What is the value of 0 - (2 - (0 + 0))?
-2
Evaluate (0 + 1 - -2) + (71 - 81).
-7
What is the value of 4 + (6 - -4) - 23?
-9
Evaluate 4 + -9 + 4 - 1.
-2
Calculate 2 - (4 - 5 - 2).
5
Evaluate -1 + 1 + 32 + -31.
1
5 + (-8 - 4) + 2 - -6
1
What is the value of 6 - (0 + 4) - 2 - 3?
-3
Evaluate 6 + (-10 - -7 - 1).
2
What is 0 - 6 - (-7 + 2 - -6)?
-7
Calculate -3 + (6 - 1) + -2 + 7.
7
What is -12 - (-5 - 3) - -7?
3
What is -6 + 1 + 2 - (0 + -1)?
-2
Calculate (1 - (7 + -3)) + 1.
-2
-3 + -1 + (-5 - (-3 - 1))
-5
What is the value of (4 - 0 - 8) + 4?
0
What is the value of -12 + (7 - (-8 - -9)) + 17?
11
What is the value of 0 + -1 - (59 - 59)?
-1
Evaluate -3 + (3 - 1) + -5.
-6
Evaluate -1 + 4 + (3 - 8).
-2
Evaluate 4 + (-12 + 6 + 6 - 0).
4
Evaluate -33 + 42 - (11 - -2).
-4
What is 4 + (4 - 6 - 3) + -2?
-3
Evaluate (-3 - 0) + 17 + -7.
7
Calculate -8 + 1 - (8 - 13).
-2
What is the value of (-5 - -2) + 7 - (2 - -1)?
1
What is the value of 0 + 2 - ((0 - 5) + 4)?
3
What is the value of -3 + -15 + 7 + 5?
-6
-1 - 1 - (-8 + 7)
-1
Evaluate 1 + 7 + (-2 - 1).
5
(-4 - 1) + (2 - 0 - -1)
-2
What is the value of -2 + (-3 + 8 - (0 - -3))?
0
Calculate 3 - (0 - (-7 - 1)).
-5
What is the value of 10 + -2 + -3 - (-4 - -14)?
-5
Evaluate (-5 - (2 + 1)) + (5 - 2).
-5
Calculate 8 + -1 - 5 - 0.
2
Calculate 8 + (-4 - 1 - -2).
5
What is (-10 - -6) + (-5 - -3)?
-6
What is the value of 7 - (0 - (0 + -3))?
4
What is -1 + -5 + (-6 - (-2 - 7))?
-3
What is -5 - -8 - (28 + -16)?
-9
2 + 9 + -3 - (7 + -2)
3
29 + -19 + -3 + -1
6
-7 + -5 + 16 - (2 - 3)
5
Evaluate 2 - (11 - 3) - -11.
5
4 + (-3 - 0) + -7
-6
-7 + 1 + 1 - -2
-3
Calculate 3 + -4 + -3 + 0 + 0.
-4
What is the value of (44 - 46 - (1 - 1)) + 0?
-2
Calculate (7 - 0) + 58 + -60 + -6.
-1
-4 - ((4 - (1 + 8)) + 5)
-4
8 - (0 + 11 - 0)
-3
-6 - (-6 + 0) - -2 - 7
-5
Evaluate -5 - ((-2 - (2 + -9)) + -13).
3
Evaluate (-11 - -1) + (-9 - -19).
0
Evaluate -1 + 0 + (16 - 16).
-1
What is the value of 11 - (10 + 2 + -6)?
5
What is the value of -5 - (-7 - -3 - -4)?
-5
7 + (1 + -5 - -7) + -5
5
What is the value of (6 - (5 - 0)) + (-1 - -3)?
3
What is the value of -5 - ((-1 - 6) + 2)?
0
What is the value of 2 + 2 + (22 - 9) + -12?
5
15 - 14 - (-2 - -7)
-4
What is 4 + 0 + -5 + 0 + 5?
4
What is 5 + -2 - 2 - (-13 + 14)?
0
Calculate (-7 - (-3 + -5)) + -3.
-2
What is 5 - 0 - 4 - (-2 + 10)?
-7
What is the value of -5 + (-2 - 5 - -11)?
-1
What is (-6 - (-2 + 4)) + 2 + 2?
-4
What is (11 - 1) + -1 + -3 - 3?
3
-2 + (14 + -4 - 3)
5
What is -2 + 0 + 10 + -7?
1
-2 - (-3 - -2) - (3 - 8)
4
What is -6 + -6 + (6 - -8)?
2
Evaluate 37 + -33 + 0 + 2.
6
0 - (-1 - -4 - (-13 + 17))
1
Evaluate 1 - 2 - (-3 + 5).
-3
(1 - 8) + 3 + 5 - -4
5
What is the value of (-11 - -1) + -2 + 4?
-8
-1 - -5 - (-1 + (7 - 3))
1
Evaluate 0 + 2 + 3 + (-2 - 4).
-1
What is the value of -7 + 2 - (-8 + 5 + -4)?
2
What is -1 + 7 + (-5 - -3 - -1)?
5
-3 + 2 + 4 - (4 - 2)
1
Calculate 4 - 9 - (36 + -32).
-9
What is the value of -1 - 3 - (-2 - 1 - 0)?
-1
-2 + 3 + -1 + (4 - 9)
-5
Calculate 3 + -2 + -14 - (4 + -11).
-6
Calculate -1 - -1 - (-1 - 0).
1
Evaluate (13 - 3) + -2 - 5.
3
Calculate 19 + -8 + -6 + 0.
5
8 - (13 - (8 + -1))
2
Evaluate 3 + -3 - (0 + -4 - -1).
3
Calculate (0 - 0) + (19 - 16).
3
5 - ((12 - 4) + 0)
-3
Evaluate 0 + (6 + 0 - 1).
5
What is the value of -1 + (2 - (1 + (0 - -1)))?
-1
C